Last updated on 2022-04-24 03:52:35 CEST.
Flavor | Version | Tinstall | Tcheck | Ttotal | Status | Flags |
---|---|---|---|---|---|---|
r-devel-linux-x86_64-debian-clang | 0.1.0 | 2.72 | 40.45 | 43.17 | NOTE | |
r-devel-linux-x86_64-debian-gcc | 0.1.0 | 2.12 | 30.69 | 32.81 | NOTE | |
r-devel-linux-x86_64-fedora-clang | 0.1.0 | 53.53 | NOTE | |||
r-devel-linux-x86_64-fedora-gcc | 0.1.0 | 39.96 | NOTE | |||
r-patched-linux-x86_64 | 0.1.0 | 2.71 | 39.18 | 41.89 | NOTE | |
r-release-linux-x86_64 | 0.1.0 | 2.14 | 37.73 | 39.87 | NOTE | |
r-release-macos-arm64 | 0.1.0 | NOTE | ||||
r-release-macos-x86_64 | 0.1.0 | NOTE | ||||
r-release-windows-x86_64 | 0.1.0 | 10.00 | 59.00 | 69.00 | NOTE | |
r-oldrel-macos-arm64 | 0.1.0 | NOTE | ||||
r-oldrel-macos-x86_64 | 0.1.0 | NOTE | ||||
r-oldrel-windows-ix86+x86_64 | 0.1.0 | 6.00 | 47.00 | 53.00 | NOTE |
Version: 0.1.0
Check: LazyData
Result: NOTE
'LazyData' is specified without a 'data' directory
Flavors: r-devel-linux-x86_64-debian-clang, r-devel-linux-x86_64-debian-gcc, r-devel-linux-x86_64-fedora-clang, r-devel-linux-x86_64-fedora-gcc, r-patched-linux-x86_64, r-release-linux-x86_64, r-release-macos-arm64, r-release-macos-x86_64, r-release-windows-x86_64, r-oldrel-macos-arm64, r-oldrel-macos-x86_64, r-oldrel-windows-ix86+x86_64