Last updated on 2022-04-24 03:52:35 CEST.
Flavor | Version | Tinstall | Tcheck | Ttotal | Status | Flags |
---|---|---|---|---|---|---|
r-devel-linux-x86_64-debian-clang | 0.1.1 | 35.21 | 335.51 | 370.72 | OK | |
r-devel-linux-x86_64-debian-gcc | 0.1.1 | 25.75 | 247.92 | 273.67 | OK | |
r-devel-linux-x86_64-fedora-clang | 0.1.1 | 433.74 | OK | |||
r-devel-linux-x86_64-fedora-gcc | 0.1.1 | 419.83 | OK | |||
r-patched-linux-x86_64 | 0.1.1 | 35.26 | 323.53 | 358.79 | OK | |
r-release-linux-x86_64 | 0.1.1 | 23.88 | 303.06 | 326.94 | OK | |
r-release-macos-arm64 | 0.1.1 | OK | ||||
r-release-macos-x86_64 | 0.1.1 | WARN | ||||
r-release-windows-x86_64 | 0.1.1 | 44.00 | 335.00 | 379.00 | OK | |
r-oldrel-macos-arm64 | 0.1.1 | OK | ||||
r-oldrel-macos-x86_64 | 0.1.1 | WARN | ||||
r-oldrel-windows-ix86+x86_64 | 0.1.1 | 59.00 | 347.00 | 406.00 | OK |
Version: 0.1.1
Check: whether package can be installed
Result: WARN
Found the following significant warnings:
Warning: multiple methods tables found for ‘direction’
Warning: multiple methods tables found for ‘gridDistance’
Flavors: r-release-macos-x86_64, r-oldrel-macos-x86_64
Version: 0.1.1
Check: Rd files
Result: WARN
prepare_Rd: multiple methods tables found for ‘direction’
prepare_Rd: multiple methods tables found for ‘gridDistance’
Flavors: r-release-macos-x86_64, r-oldrel-macos-x86_64