Last updated on 2022-04-24 03:52:35 CEST.
Flavor | Version | Tinstall | Tcheck | Ttotal | Status | Flags |
---|---|---|---|---|---|---|
r-devel-linux-x86_64-debian-clang | 1.0 | 2.56 | 123.68 | 126.24 | NOTE | |
r-devel-linux-x86_64-debian-gcc | 1.0 | 1.88 | 79.32 | 81.20 | NOTE | |
r-devel-linux-x86_64-fedora-clang | 1.0 | 139.09 | OK | |||
r-devel-linux-x86_64-fedora-gcc | 1.0 | 125.46 | OK | |||
r-patched-linux-x86_64 | 1.0 | 2.55 | 112.32 | 114.87 | NOTE | |
r-release-linux-x86_64 | 1.0 | 2.21 | 111.66 | 113.87 | NOTE | |
r-release-macos-arm64 | 1.0 | OK | ||||
r-release-macos-x86_64 | 1.0 | OK | ||||
r-release-windows-x86_64 | 1.0 | 16.00 | 131.00 | 147.00 | NOTE | |
r-oldrel-macos-arm64 | 1.0 | OK | ||||
r-oldrel-macos-x86_64 | 1.0 | OK | ||||
r-oldrel-windows-ix86+x86_64 | 1.0 | 5.00 | 126.00 | 131.00 | NOTE |
Version: 1.0
Check: package vignettes
Result: NOTE
Package vignette with placeholder title 'Vignette Title':
'rcane.Rmd'
Flavors: r-devel-linux-x86_64-debian-clang, r-devel-linux-x86_64-debian-gcc, r-patched-linux-x86_64, r-release-linux-x86_64, r-release-windows-x86_64, r-oldrel-windows-ix86+x86_64