Last updated on 2022-04-24 03:52:35 CEST.
Flavor | Version | Tinstall | Tcheck | Ttotal | Status | Flags |
---|---|---|---|---|---|---|
r-devel-linux-x86_64-debian-clang | 0.2.1 | 3.89 | 47.29 | 51.18 | NOTE | |
r-devel-linux-x86_64-debian-gcc | 0.2.1 | 3.19 | 36.52 | 39.71 | NOTE | |
r-devel-linux-x86_64-fedora-clang | 0.2.1 | 62.81 | NOTE | |||
r-devel-linux-x86_64-fedora-gcc | 0.2.1 | 52.51 | NOTE | |||
r-patched-linux-x86_64 | 0.2.1 | 3.63 | 45.83 | 49.46 | NOTE | |
r-release-linux-x86_64 | 0.2.1 | 4.26 | 44.77 | 49.03 | NOTE | |
r-release-macos-arm64 | 0.2.1 | OK | ||||
r-release-macos-x86_64 | 0.2.1 | OK | ||||
r-release-windows-x86_64 | 0.2.1 | 17.00 | 65.00 | 82.00 | OK | |
r-oldrel-macos-arm64 | 0.2.1 | OK | ||||
r-oldrel-macos-x86_64 | 0.2.1 | OK | ||||
r-oldrel-windows-ix86+x86_64 | 0.2.1 | 8.00 | 56.00 | 64.00 | OK |
Version: 0.2.1
Check: for non-standard things in the check directory
Result: NOTE
Found the following files/directories:
'rcanvec.cache'
Flavors: r-devel-linux-x86_64-debian-clang, r-devel-linux-x86_64-debian-gcc, r-devel-linux-x86_64-fedora-clang, r-devel-linux-x86_64-fedora-gcc, r-patched-linux-x86_64, r-release-linux-x86_64