Last updated on 2022-04-24 03:52:35 CEST.
Flavor | Version | Tinstall | Tcheck | Ttotal | Status | Flags |
---|---|---|---|---|---|---|
r-devel-linux-x86_64-debian-clang | 0.2.0 | 506.84 | 161.58 | 668.42 | NOTE | |
r-devel-linux-x86_64-debian-gcc | 0.2.0 | 421.45 | 136.99 | 558.44 | NOTE | |
r-devel-linux-x86_64-fedora-clang | 0.2.0 | 917.38 | NOTE | |||
r-devel-linux-x86_64-fedora-gcc | 0.2.0 | 918.97 | NOTE | |||
r-patched-linux-x86_64 | 0.2.0 | 341.90 | 174.45 | 516.35 | NOTE | |
r-release-linux-x86_64 | 0.2.0 | 397.64 | 170.10 | 567.74 | NOTE | |
r-release-macos-arm64 | 0.2.0 | NOTE | ||||
r-release-macos-x86_64 | 0.2.0 | NOTE | ||||
r-release-windows-x86_64 | 0.2.0 | 324.00 | 229.00 | 553.00 | NOTE | |
r-oldrel-macos-arm64 | 0.2.0 | NOTE | ||||
r-oldrel-macos-x86_64 | 0.2.0 | NOTE | ||||
r-oldrel-windows-ix86+x86_64 | 0.2.0 | 1004.00 | 277.00 | 1281.00 | NOTE |
Version: 0.2.0
Check: for GNU extensions in Makefiles
Result: NOTE
GNU make is a SystemRequirements.
Flavors: r-devel-linux-x86_64-debian-clang, r-devel-linux-x86_64-debian-gcc, r-devel-linux-x86_64-fedora-clang, r-devel-linux-x86_64-fedora-gcc, r-patched-linux-x86_64, r-release-linux-x86_64, r-release-macos-arm64, r-release-macos-x86_64, r-release-windows-x86_64, r-oldrel-macos-arm64, r-oldrel-macos-x86_64, r-oldrel-windows-ix86+x86_64
Version: 0.2.0
Check: installed package size
Result: NOTE
installed size is 51.2Mb
sub-directories of 1Mb or more:
libs 50.4Mb
Flavors: r-devel-linux-x86_64-fedora-clang, r-release-macos-arm64, r-release-macos-x86_64, r-oldrel-macos-arm64, r-oldrel-macos-x86_64, r-oldrel-windows-ix86+x86_64
Version: 0.2.0
Check: dependencies in R code
Result: NOTE
Namespaces in Imports field not imported from:
‘RcppParallel’ ‘rstantools’ ‘shinythemes’
All declared Imports should be used.
Flavors: r-devel-linux-x86_64-fedora-clang, r-devel-linux-x86_64-fedora-gcc, r-release-macos-arm64, r-release-macos-x86_64, r-oldrel-macos-arm64, r-oldrel-macos-x86_64