Last updated on 2022-04-24 03:52:35 CEST.
Flavor | Version | Tinstall | Tcheck | Ttotal | Status | Flags |
---|---|---|---|---|---|---|
r-devel-linux-x86_64-debian-clang | 1.1.7 | 2.48 | 47.90 | 50.38 | NOTE | |
r-devel-linux-x86_64-debian-gcc | 1.1.7 | 2.96 | 36.03 | 38.99 | NOTE | |
r-devel-linux-x86_64-fedora-clang | 1.1.7 | 65.45 | NOTE | |||
r-devel-linux-x86_64-fedora-gcc | 1.1.7 | 48.29 | NOTE | |||
r-patched-linux-x86_64 | 1.1.7 | 3.74 | 44.82 | 48.56 | NOTE | |
r-release-linux-x86_64 | 1.1.7 | 3.57 | 43.58 | 47.15 | NOTE | |
r-release-macos-arm64 | 1.1.7 | NOTE | ||||
r-release-macos-x86_64 | 1.1.7 | NOTE | ||||
r-release-windows-x86_64 | 1.1.7 | 9.00 | 64.00 | 73.00 | NOTE | |
r-oldrel-macos-arm64 | 1.1.7 | NOTE | ||||
r-oldrel-macos-x86_64 | 1.1.7 | NOTE | ||||
r-oldrel-windows-ix86+x86_64 | 1.1.7 | 7.00 | 53.00 | 60.00 | NOTE |
Version: 1.1.7
Check: package dependencies
Result: NOTE
Package suggested but not available for checking: 'rrelaxiv'
Flavors: r-devel-linux-x86_64-debian-clang, r-devel-linux-x86_64-debian-gcc, r-devel-linux-x86_64-fedora-clang, r-devel-linux-x86_64-fedora-gcc, r-patched-linux-x86_64, r-release-linux-x86_64, r-release-macos-arm64, r-release-macos-x86_64, r-release-windows-x86_64, r-oldrel-macos-arm64, r-oldrel-macos-x86_64, r-oldrel-windows-ix86+x86_64
Version: 1.1.7
Check: dependencies in R code
Result: NOTE
Namespace in Imports field not imported from: ‘rlemon’
All declared Imports should be used.
Flavors: r-devel-linux-x86_64-fedora-clang, r-devel-linux-x86_64-fedora-gcc, r-release-macos-arm64, r-release-macos-x86_64, r-oldrel-macos-arm64, r-oldrel-macos-x86_64