Last updated on 2022-04-24 03:52:35 CEST.
Flavor | Version | Tinstall | Tcheck | Ttotal | Status | Flags |
---|---|---|---|---|---|---|
r-devel-linux-x86_64-debian-clang | 1.0.0 | 1.52 | 38.22 | 39.74 | NOTE | |
r-devel-linux-x86_64-debian-gcc | 1.0.0 | 1.56 | 29.43 | 30.99 | NOTE | |
r-devel-linux-x86_64-fedora-clang | 1.0.0 | 49.96 | NOTE | |||
r-devel-linux-x86_64-fedora-gcc | 1.0.0 | 38.29 | NOTE | |||
r-patched-linux-x86_64 | 1.0.0 | 1.81 | 36.47 | 38.28 | NOTE | |
r-release-linux-x86_64 | 1.0.0 | 1.62 | 36.88 | 38.50 | NOTE | |
r-release-macos-arm64 | 1.0.0 | NOTE | ||||
r-release-macos-x86_64 | 1.0.0 | NOTE | ||||
r-release-windows-x86_64 | 1.0.0 | 9.00 | 53.00 | 62.00 | NOTE | |
r-oldrel-macos-arm64 | 1.0.0 | NOTE | ||||
r-oldrel-macos-x86_64 | 1.0.0 | NOTE | ||||
r-oldrel-windows-ix86+x86_64 | 1.0.0 | 5.00 | 35.00 | 40.00 | NOTE |
Version: 1.0.0
Check: LazyData
Result: NOTE
'LazyData' is specified without a 'data' directory
Flavors: r-devel-linux-x86_64-debian-clang, r-devel-linux-x86_64-debian-gcc, r-devel-linux-x86_64-fedora-clang, r-devel-linux-x86_64-fedora-gcc, r-patched-linux-x86_64, r-release-linux-x86_64, r-release-macos-arm64, r-release-macos-x86_64, r-release-windows-x86_64, r-oldrel-macos-arm64, r-oldrel-macos-x86_64, r-oldrel-windows-ix86+x86_64
Version: 1.0.0
Check: for non-standard things in the check directory
Result: NOTE
Found the following files/directories:
'temp.RData'
Flavors: r-devel-linux-x86_64-debian-clang, r-devel-linux-x86_64-debian-gcc, r-devel-linux-x86_64-fedora-clang, r-devel-linux-x86_64-fedora-gcc, r-patched-linux-x86_64, r-release-linux-x86_64