Last updated on 2022-04-24 03:52:35 CEST.
Flavor | Version | Tinstall | Tcheck | Ttotal | Status | Flags |
---|---|---|---|---|---|---|
r-devel-linux-x86_64-debian-clang | 1.0 | 8.00 | 63.24 | 71.24 | OK | |
r-devel-linux-x86_64-debian-gcc | 1.0 | 3.99 | 48.34 | 52.33 | OK | |
r-devel-linux-x86_64-fedora-clang | 1.0 | 86.47 | NOTE | |||
r-devel-linux-x86_64-fedora-gcc | 1.0 | 73.37 | OK | |||
r-patched-linux-x86_64 | 1.0 | 8.30 | 60.20 | 68.50 | OK | |
r-release-linux-x86_64 | 1.0 | 4.29 | 61.40 | 65.69 | OK | |
r-release-macos-arm64 | 1.0 | OK | ||||
r-release-macos-x86_64 | 1.0 | OK | ||||
r-release-windows-x86_64 | 1.0 | 84.00 | 91.00 | 175.00 | OK | |
r-oldrel-macos-arm64 | 1.0 | OK | ||||
r-oldrel-macos-x86_64 | 1.0 | OK | ||||
r-oldrel-windows-ix86+x86_64 | 1.0 | 16.00 | 73.00 | 89.00 | OK |
Version: 1.0
Check: Rd cross-references
Result: NOTE
Undeclared package ‘remotes’ in Rd xrefs
Flavor: r-devel-linux-x86_64-fedora-clang