Last updated on 2022-04-24 03:52:35 CEST.
Flavor | Version | Tinstall | Tcheck | Ttotal | Status | Flags |
---|---|---|---|---|---|---|
r-devel-linux-x86_64-debian-clang | 0.4.2 | 39.92 | 362.25 | 402.17 | OK | |
r-devel-linux-x86_64-debian-gcc | 0.4.2 | 30.48 | 263.31 | 293.79 | OK | |
r-devel-linux-x86_64-fedora-clang | 0.4.2 | 466.72 | NOTE | |||
r-devel-linux-x86_64-fedora-gcc | 0.4.2 | 447.99 | NOTE | |||
r-patched-linux-x86_64 | 0.4.2 | 26.55 | 339.65 | 366.20 | OK | |
r-release-linux-x86_64 | 0.4.2 | 29.74 | 310.61 | 340.35 | OK | |
r-release-macos-arm64 | 0.4.2 | NOTE | ||||
r-release-macos-x86_64 | 0.4.2 | NOTE | ||||
r-release-windows-x86_64 | 0.4.2 | 52.00 | 344.00 | 396.00 | OK | |
r-oldrel-macos-arm64 | 0.4.2 | NOTE | ||||
r-oldrel-macos-x86_64 | 0.4.2 | NOTE | ||||
r-oldrel-windows-ix86+x86_64 | 0.4.2 | 74.00 | 342.00 | 416.00 | OK |
Version: 0.4.2
Check: dependencies in R code
Result: NOTE
Namespaces in Imports field not imported from:
‘Rcpp’ ‘dplyr’
All declared Imports should be used.
Flavors: r-devel-linux-x86_64-fedora-clang, r-devel-linux-x86_64-fedora-gcc, r-release-macos-arm64, r-release-macos-x86_64, r-oldrel-macos-arm64, r-oldrel-macos-x86_64