Last updated on 2022-04-24 03:52:35 CEST.
Flavor | Version | Tinstall | Tcheck | Ttotal | Status | Flags |
---|---|---|---|---|---|---|
r-devel-linux-x86_64-debian-clang | 0.1.1 | 2.16 | 35.73 | 37.89 | NOTE | |
r-devel-linux-x86_64-debian-gcc | 0.1.1 | 1.67 | 27.34 | 29.01 | NOTE | |
r-devel-linux-x86_64-fedora-clang | 0.1.1 | 45.59 | NOTE | |||
r-devel-linux-x86_64-fedora-gcc | 0.1.1 | 34.47 | NOTE | |||
r-patched-linux-x86_64 | 0.1.1 | 1.98 | 35.11 | 37.09 | NOTE | |
r-release-linux-x86_64 | 0.1.1 | 1.63 | 33.93 | 35.56 | NOTE | |
r-release-macos-arm64 | 0.1.1 | ERROR | ||||
r-release-macos-x86_64 | 0.1.1 | ERROR | ||||
r-release-windows-x86_64 | 0.1.1 | 9.00 | 57.00 | 66.00 | ERROR | |
r-oldrel-macos-arm64 | 0.1.1 | ERROR | ||||
r-oldrel-macos-x86_64 | 0.1.1 | ERROR | ||||
r-oldrel-windows-ix86+x86_64 | 0.1.1 | 3.00 | 8.00 | 11.00 | ERROR |
Version: 0.1.1
Check: LazyData
Result: NOTE
'LazyData' is specified without a 'data' directory
Flavors: r-devel-linux-x86_64-debian-clang, r-devel-linux-x86_64-debian-gcc, r-devel-linux-x86_64-fedora-clang, r-devel-linux-x86_64-fedora-gcc, r-patched-linux-x86_64, r-release-linux-x86_64, r-release-windows-x86_64
Version: 0.1.1
Check: whether package can be installed
Result: ERROR
Installation failed.
Flavors: r-release-macos-arm64, r-release-macos-x86_64, r-oldrel-macos-arm64, r-oldrel-macos-x86_64, r-oldrel-windows-ix86+x86_64
Version: 0.1.1
Check: tests
Result: ERROR
Running 'testthat.R' [10s]
Running the tests in 'tests/testthat.R' failed.
Complete output:
> library(testthat)
> library(rcrypt)
>
> test_check("rcrypt")
gpg: decryption failed: Bad session key
[ FAIL 1 | WARN 2 | SKIP 0 | PASS 18 ]
══ Failed tests ════════════════════════════════════════════════════════════════
── Error (test-decrypt.r:69:3): Decryption with passphrase passthrough and armor works ──
Error in `file(con, "r")`: cannot open the connection
Backtrace:
▆
1. └─base::readLines("file2-decrypt.txt") at test-decrypt.r:69:2
2. └─base::file(con, "r")
[ FAIL 1 | WARN 2 | SKIP 0 | PASS 18 ]
Error: Test failures
Execution halted
Flavor: r-release-windows-x86_64