Last updated on 2022-04-24 03:52:35 CEST.
Flavor | Version | Tinstall | Tcheck | Ttotal | Status | Flags |
---|---|---|---|---|---|---|
r-devel-linux-x86_64-debian-clang | 1.1.0 | 24.68 | 187.19 | 211.87 | NOTE | |
r-devel-linux-x86_64-debian-gcc | 1.1.0 | 20.90 | 133.87 | 154.77 | NOTE | |
r-devel-linux-x86_64-fedora-clang | 1.1.0 | 246.58 | NOTE | |||
r-devel-linux-x86_64-fedora-gcc | 1.1.0 | 238.80 | NOTE | |||
r-patched-linux-x86_64 | 1.1.0 | 26.37 | 175.21 | 201.58 | OK | |
r-release-linux-x86_64 | 1.1.0 | 26.36 | 178.15 | 204.51 | OK | |
r-release-macos-arm64 | 1.1.0 | OK | ||||
r-release-macos-x86_64 | 1.1.0 | OK | ||||
r-release-windows-x86_64 | 1.1.0 | 74.00 | 215.00 | 289.00 | OK | |
r-oldrel-macos-arm64 | 1.1.0 | OK | ||||
r-oldrel-macos-x86_64 | 1.1.0 | OK | ||||
r-oldrel-windows-ix86+x86_64 | 1.1.0 | 44.00 | 209.00 | 253.00 | OK |
Version: 1.1.0
Check: Rd files
Result: NOTE
checkRd: (7) file 'DecisionTree.Rd': \item in \describe must have non-empty label
Flavors: r-devel-linux-x86_64-debian-clang, r-devel-linux-x86_64-debian-gcc, r-devel-linux-x86_64-fedora-clang, r-devel-linux-x86_64-fedora-gcc