Last updated on 2022-04-24 03:52:35 CEST.
Flavor | Version | Tinstall | Tcheck | Ttotal | Status | Flags |
---|---|---|---|---|---|---|
r-devel-linux-x86_64-debian-clang | 0.0.5 | 143.66 | 42.81 | 186.47 | NOTE | |
r-devel-linux-x86_64-debian-gcc | 0.0.5 | 116.16 | 32.07 | 148.23 | NOTE | |
r-devel-linux-x86_64-fedora-clang | 0.0.5 | 288.30 | NOTE | |||
r-devel-linux-x86_64-fedora-gcc | 0.0.5 | 239.16 | NOTE | |||
r-patched-linux-x86_64 | 0.0.5 | 123.91 | 40.61 | 164.52 | NOTE | |
r-release-linux-x86_64 | 0.0.5 | 127.99 | 39.30 | 167.29 | NOTE | |
r-release-macos-arm64 | 0.0.5 | NOTE | ||||
r-release-macos-x86_64 | 0.0.5 | NOTE | ||||
r-release-windows-x86_64 | 0.0.5 | 115.00 | 82.00 | 197.00 | NOTE | |
r-oldrel-macos-arm64 | 0.0.5 | NOTE | ||||
r-oldrel-macos-x86_64 | 0.0.5 | NOTE | ||||
r-oldrel-windows-ix86+x86_64 | 0.0.5 | 351.00 | 78.00 | 429.00 | NOTE |
Version: 0.0.5
Check: LazyData
Result: NOTE
'LazyData' is specified without a 'data' directory
Flavors: r-devel-linux-x86_64-debian-clang, r-devel-linux-x86_64-debian-gcc, r-devel-linux-x86_64-fedora-clang, r-devel-linux-x86_64-fedora-gcc, r-patched-linux-x86_64, r-release-linux-x86_64, r-release-macos-arm64, r-release-macos-x86_64, r-release-windows-x86_64, r-oldrel-macos-arm64, r-oldrel-macos-x86_64, r-oldrel-windows-ix86+x86_64