Last updated on 2022-04-24 03:52:35 CEST.
Flavor | Version | Tinstall | Tcheck | Ttotal | Status | Flags |
---|---|---|---|---|---|---|
r-devel-linux-x86_64-debian-clang | 2.0.0 | 9.60 | 112.81 | 122.41 | NOTE | |
r-devel-linux-x86_64-debian-gcc | 2.0.0 | 7.23 | 84.03 | 91.26 | NOTE | |
r-devel-linux-x86_64-fedora-clang | 2.0.0 | 152.48 | NOTE | |||
r-devel-linux-x86_64-fedora-gcc | 2.0.0 | 130.60 | NOTE | |||
r-patched-linux-x86_64 | 2.0.0 | 7.93 | 106.70 | 114.63 | NOTE | |
r-release-linux-x86_64 | 2.0.0 | 7.91 | 104.86 | 112.77 | NOTE | |
r-release-macos-arm64 | 2.0.0 | NOTE | ||||
r-release-macos-x86_64 | 2.0.0 | NOTE | ||||
r-release-windows-x86_64 | 2.0.0 | 94.00 | 133.00 | 227.00 | NOTE | |
r-oldrel-macos-arm64 | 2.0.0 | NOTE | ||||
r-oldrel-macos-x86_64 | 2.0.0 | NOTE | ||||
r-oldrel-windows-ix86+x86_64 | 2.0.0 | 17.00 | 131.00 | 148.00 | NOTE |
Version: 2.0.0
Check: package dependencies
Result: NOTE
Package suggested but not available for checking: 'dataui'
Flavors: r-devel-linux-x86_64-debian-clang, r-devel-linux-x86_64-debian-gcc, r-devel-linux-x86_64-fedora-clang, r-devel-linux-x86_64-fedora-gcc, r-patched-linux-x86_64, r-release-linux-x86_64, r-release-macos-arm64, r-release-macos-x86_64, r-release-windows-x86_64, r-oldrel-macos-arm64, r-oldrel-macos-x86_64, r-oldrel-windows-ix86+x86_64