Last updated on 2022-04-24 03:52:35 CEST.
Flavor | Version | Tinstall | Tcheck | Ttotal | Status | Flags |
---|---|---|---|---|---|---|
r-devel-linux-x86_64-debian-clang | 1.0.5 | 2.14 | 29.85 | 31.99 | NOTE | |
r-devel-linux-x86_64-debian-gcc | 1.0.5 | 2.17 | 22.77 | 24.94 | NOTE | |
r-devel-linux-x86_64-fedora-clang | 1.0.5 | 39.77 | NOTE | |||
r-devel-linux-x86_64-fedora-gcc | 1.0.5 | 28.18 | NOTE | |||
r-patched-linux-x86_64 | 1.0.5 | 2.48 | 28.73 | 31.21 | NOTE | |
r-release-linux-x86_64 | 1.0.5 | 1.99 | 27.90 | 29.89 | NOTE | |
r-release-macos-arm64 | 1.0.5 | NOTE | ||||
r-release-macos-x86_64 | 1.0.5 | NOTE | ||||
r-release-windows-x86_64 | 1.0.5 | 18.00 | 48.00 | 66.00 | NOTE | |
r-oldrel-macos-arm64 | 1.0.5 | NOTE | ||||
r-oldrel-macos-x86_64 | 1.0.5 | NOTE | ||||
r-oldrel-windows-ix86+x86_64 | 1.0.5 | 7.00 | 42.00 | 49.00 | NOTE |
Version: 1.0.5
Check: LazyData
Result: NOTE
'LazyData' is specified without a 'data' directory
Flavors: r-devel-linux-x86_64-debian-clang, r-devel-linux-x86_64-debian-gcc, r-devel-linux-x86_64-fedora-clang, r-devel-linux-x86_64-fedora-gcc, r-patched-linux-x86_64, r-release-linux-x86_64, r-release-macos-arm64, r-release-macos-x86_64, r-release-windows-x86_64, r-oldrel-macos-arm64, r-oldrel-macos-x86_64, r-oldrel-windows-ix86+x86_64
Version: 1.0.5
Check: compiled code
Result: NOTE
File ‘read.dbc/libs/read.dbc.so’:
Found no calls to: ‘R_registerRoutines’, ‘R_useDynamicSymbols’
It is good practice to register native routines and to disable symbol
search.
See ‘Writing portable packages’ in the ‘Writing R Extensions’ manual.
Flavors: r-devel-linux-x86_64-fedora-clang, r-devel-linux-x86_64-fedora-gcc