Last updated on 2022-04-24 03:52:35 CEST.
Flavor | Version | Tinstall | Tcheck | Ttotal | Status | Flags |
---|---|---|---|---|---|---|
r-devel-linux-x86_64-debian-clang | 1.8.5 | 2.54 | 33.79 | 36.33 | OK | |
r-devel-linux-x86_64-debian-gcc | 1.8.5 | 2.09 | 25.99 | 28.08 | OK | |
r-devel-linux-x86_64-fedora-clang | 1.8.5 | 43.97 | NOTE | |||
r-devel-linux-x86_64-fedora-gcc | 1.8.5 | 32.30 | OK | |||
r-patched-linux-x86_64 | 1.8.5 | 2.28 | 32.40 | 34.68 | OK | |
r-release-linux-x86_64 | 1.8.5 | 1.91 | 31.31 | 33.22 | OK | |
r-release-macos-arm64 | 1.8.5 | OK | ||||
r-release-macos-x86_64 | 1.8.5 | OK | ||||
r-release-windows-x86_64 | 1.8.5 | 113.00 | 48.00 | 161.00 | OK | |
r-oldrel-macos-arm64 | 1.8.5 | OK | ||||
r-oldrel-macos-x86_64 | 1.8.5 | OK | ||||
r-oldrel-windows-ix86+x86_64 | 1.8.5 | 6.00 | 27.00 | 33.00 | OK |
Version: 1.8.5
Check: Rd cross-references
Result: NOTE
Undeclared packages ‘readMzXmlData’, ‘MALDIquantForeign’ in Rd xrefs
Flavor: r-devel-linux-x86_64-fedora-clang