Last updated on 2022-04-24 03:52:35 CEST.
Flavor | Version | Tinstall | Tcheck | Ttotal | Status | Flags |
---|---|---|---|---|---|---|
r-devel-linux-x86_64-debian-clang | 2.8.1 | 3.52 | 43.88 | 47.40 | OK | |
r-devel-linux-x86_64-debian-gcc | 2.8.1 | 2.69 | 33.61 | 36.30 | OK | |
r-devel-linux-x86_64-fedora-clang | 2.8.1 | 57.73 | NOTE | |||
r-devel-linux-x86_64-fedora-gcc | 2.8.1 | 45.52 | OK | |||
r-patched-linux-x86_64 | 2.8.1 | 3.66 | 41.24 | 44.90 | OK | |
r-release-linux-x86_64 | 2.8.1 | 2.99 | 40.94 | 43.93 | OK | |
r-release-macos-arm64 | 2.8.1 | OK | ||||
r-release-macos-x86_64 | 2.8.1 | OK | ||||
r-release-windows-x86_64 | 2.8.1 | 53.00 | 63.00 | 116.00 | OK | |
r-oldrel-macos-arm64 | 2.8.1 | OK | ||||
r-oldrel-macos-x86_64 | 2.8.1 | OK | ||||
r-oldrel-windows-ix86+x86_64 | 2.8.1 | 7.00 | 47.00 | 54.00 | OK |
Version: 2.8.1
Check: Rd cross-references
Result: NOTE
Undeclared package ‘MALDIquantForeign’ in Rd xrefs
Flavor: r-devel-linux-x86_64-fedora-clang