Last updated on 2022-04-24 03:52:35 CEST.
Flavor | Version | Tinstall | Tcheck | Ttotal | Status | Flags |
---|---|---|---|---|---|---|
r-devel-linux-x86_64-debian-clang | 1.1.3 | 2.15 | 30.56 | 32.71 | NOTE | |
r-devel-linux-x86_64-debian-gcc | 1.1.3 | 1.68 | 23.52 | 25.20 | NOTE | |
r-devel-linux-x86_64-fedora-clang | 1.1.3 | 40.34 | NOTE | |||
r-devel-linux-x86_64-fedora-gcc | 1.1.3 | 28.34 | NOTE | |||
r-patched-linux-x86_64 | 1.1.3 | 1.82 | 29.90 | 31.72 | NOTE | |
r-release-linux-x86_64 | 1.1.3 | 1.40 | 28.54 | 29.94 | NOTE | |
r-release-macos-arm64 | 1.1.3 | NOTE | ||||
r-release-macos-x86_64 | 1.1.3 | NOTE | ||||
r-release-windows-x86_64 | 1.1.3 | 13.00 | 46.00 | 59.00 | NOTE | |
r-oldrel-macos-arm64 | 1.1.3 | NOTE | ||||
r-oldrel-macos-x86_64 | 1.1.3 | NOTE | ||||
r-oldrel-windows-ix86+x86_64 | 1.1.3 | 4.00 | 37.00 | 41.00 | NOTE |
Version: 1.1.3
Check: LazyData
Result: NOTE
'LazyData' is specified without a 'data' directory
Flavors: r-devel-linux-x86_64-debian-clang, r-devel-linux-x86_64-debian-gcc, r-devel-linux-x86_64-fedora-clang, r-devel-linux-x86_64-fedora-gcc, r-patched-linux-x86_64, r-release-linux-x86_64, r-release-macos-arm64, r-release-macos-x86_64, r-release-windows-x86_64, r-oldrel-macos-arm64, r-oldrel-macos-x86_64, r-oldrel-windows-ix86+x86_64