Last updated on 2022-04-24 03:52:35 CEST.
Flavor | Version | Tinstall | Tcheck | Ttotal | Status | Flags |
---|---|---|---|---|---|---|
r-devel-linux-x86_64-debian-clang | 1.0.6 | 2.36 | 39.17 | 41.53 | NOTE | |
r-devel-linux-x86_64-debian-gcc | 1.0.6 | 2.65 | 30.44 | 33.09 | NOTE | |
r-devel-linux-x86_64-fedora-clang | 1.0.6 | 51.82 | NOTE | |||
r-devel-linux-x86_64-fedora-gcc | 1.0.6 | 40.94 | NOTE | |||
r-patched-linux-x86_64 | 1.0.6 | 3.49 | 38.36 | 41.85 | NOTE | |
r-release-linux-x86_64 | 1.0.6 | 3.05 | 37.40 | 40.45 | NOTE | |
r-release-macos-arm64 | 1.0.6 | OK | ||||
r-release-macos-x86_64 | 1.0.6 | OK | ||||
r-release-windows-x86_64 | 1.0.6 | 12.00 | 55.00 | 67.00 | OK | |
r-oldrel-macos-arm64 | 1.0.6 | OK | ||||
r-oldrel-macos-x86_64 | 1.0.6 | OK | ||||
r-oldrel-windows-ix86+x86_64 | 1.0.6 | 6.00 | 47.00 | 53.00 | OK |
Version: 1.0.6
Check: for non-standard things in the check directory
Result: NOTE
Found the following files/directories:
'temp.txt' 'temp2.csv' 'temp3.rda'
Flavors: r-devel-linux-x86_64-debian-clang, r-devel-linux-x86_64-debian-gcc, r-devel-linux-x86_64-fedora-clang, r-devel-linux-x86_64-fedora-gcc, r-patched-linux-x86_64, r-release-linux-x86_64