Last updated on 2022-04-24 03:52:35 CEST.
Flavor | Version | Tinstall | Tcheck | Ttotal | Status | Flags |
---|---|---|---|---|---|---|
r-devel-linux-x86_64-debian-clang | 2.1.2 | 70.92 | 150.88 | 221.80 | OK | |
r-devel-linux-x86_64-debian-gcc | 2.1.2 | 65.07 | 98.36 | 163.43 | OK | |
r-devel-linux-x86_64-fedora-clang | 2.1.2 | 289.99 | NOTE | |||
r-devel-linux-x86_64-fedora-gcc | 2.1.2 | 248.55 | OK | |||
r-patched-linux-x86_64 | 2.1.2 | 69.04 | 127.58 | 196.62 | OK | |
r-release-linux-x86_64 | 2.1.2 | 64.14 | 128.05 | 192.19 | OK | |
r-release-macos-arm64 | 2.1.2 | NOTE | ||||
r-release-macos-x86_64 | 2.1.2 | NOTE | ||||
r-release-windows-x86_64 | 2.1.2 | 113.00 | 190.00 | 303.00 | OK | |
r-oldrel-macos-arm64 | 2.1.2 | NOTE | ||||
r-oldrel-macos-x86_64 | 2.1.2 | NOTE | ||||
r-oldrel-windows-ix86+x86_64 | 2.1.2 | 195.00 | 242.00 | 437.00 | OK |
Version: 2.1.2
Check: Rd cross-references
Result: NOTE
Undeclared packages ‘tidyselect’, ‘vctrs’ in Rd xrefs
Flavor: r-devel-linux-x86_64-fedora-clang
Version: 2.1.2
Check: installed package size
Result: NOTE
installed size is 6.0Mb
sub-directories of 1Mb or more:
libs 5.0Mb
Flavors: r-release-macos-arm64, r-release-macos-x86_64, r-oldrel-macos-arm64, r-oldrel-macos-x86_64