Last updated on 2022-04-24 03:52:35 CEST.
Flavor | Version | Tinstall | Tcheck | Ttotal | Status | Flags |
---|---|---|---|---|---|---|
r-devel-linux-x86_64-debian-clang | 0.1.2 | 5.24 | 74.52 | 79.76 | OK | |
r-devel-linux-x86_64-debian-gcc | 0.1.2 | 5.15 | 54.89 | 60.04 | OK | |
r-devel-linux-x86_64-fedora-clang | 0.1.2 | 97.70 | NOTE | |||
r-devel-linux-x86_64-fedora-gcc | 0.1.2 | 82.23 | OK | |||
r-patched-linux-x86_64 | 0.1.2 | 3.95 | 70.06 | 74.01 | OK | |
r-release-linux-x86_64 | 0.1.2 | 5.65 | 65.24 | 70.89 | OK | |
r-release-macos-arm64 | 0.1.2 | OK | ||||
r-release-macos-x86_64 | 0.1.2 | OK | ||||
r-release-windows-x86_64 | 0.1.2 | 21.00 | 104.00 | 125.00 | OK | |
r-oldrel-macos-arm64 | 0.1.2 | OK | ||||
r-oldrel-macos-x86_64 | 0.1.2 | OK | ||||
r-oldrel-windows-ix86+x86_64 | 0.1.2 | 14.00 | 91.00 | 105.00 | OK |
Version: 0.1.2
Check: Rd cross-references
Result: NOTE
Undeclared package ‘magrittr’ in Rd xrefs
Flavor: r-devel-linux-x86_64-fedora-clang