Last updated on 2022-04-24 03:52:35 CEST.
Flavor | Version | Tinstall | Tcheck | Ttotal | Status | Flags |
---|---|---|---|---|---|---|
r-devel-linux-x86_64-debian-clang | 0.81 | 6.61 | 83.95 | 90.56 | OK | |
r-devel-linux-x86_64-debian-gcc | 0.81 | 5.17 | 62.42 | 67.59 | OK | |
r-devel-linux-x86_64-fedora-clang | 0.81 | 112.54 | NOTE | |||
r-devel-linux-x86_64-fedora-gcc | 0.81 | 93.73 | NOTE | |||
r-patched-linux-x86_64 | 0.81 | 12.40 | 79.60 | 92.00 | OK | |
r-release-linux-x86_64 | 0.81 | 5.58 | 75.65 | 81.23 | OK | |
r-release-macos-arm64 | 0.81 | NOTE | ||||
r-release-macos-x86_64 | 0.81 | NOTE | ||||
r-release-windows-x86_64 | 0.81 | 75.00 | 107.00 | 182.00 | OK | |
r-oldrel-macos-arm64 | 0.81 | NOTE | ||||
r-oldrel-macos-x86_64 | 0.81 | NOTE | ||||
r-oldrel-windows-ix86+x86_64 | 0.81 | 14.00 | 88.00 | 102.00 | OK |
Version: 0.81
Check: data for non-ASCII characters
Result: NOTE
Note: found 1 marked Latin-1 string
Note: found 1 marked UTF-8 string
Note: found 7 strings marked as "bytes"
Flavors: r-devel-linux-x86_64-fedora-clang, r-devel-linux-x86_64-fedora-gcc, r-release-macos-arm64, r-release-macos-x86_64, r-oldrel-macos-arm64, r-oldrel-macos-x86_64