Last updated on 2022-04-24 03:52:35 CEST.
Flavor | Version | Tinstall | Tcheck | Ttotal | Status | Flags |
---|---|---|---|---|---|---|
r-devel-linux-x86_64-debian-clang | 0.0.1 | 24.26 | 39.55 | 63.81 | NOTE | |
r-devel-linux-x86_64-debian-gcc | 0.0.1 | 17.65 | 30.54 | 48.19 | NOTE | |
r-devel-linux-x86_64-fedora-clang | 0.0.1 | 88.64 | NOTE | |||
r-devel-linux-x86_64-fedora-gcc | 0.0.1 | 67.62 | NOTE | |||
r-patched-linux-x86_64 | 0.0.1 | 19.18 | 38.76 | 57.94 | NOTE | |
r-release-linux-x86_64 | 0.0.1 | 20.03 | 36.66 | 56.69 | NOTE | |
r-release-macos-arm64 | 0.0.1 | NOTE | ||||
r-release-macos-x86_64 | 0.0.1 | NOTE | ||||
r-release-windows-x86_64 | 0.0.1 | 32.00 | 78.00 | 110.00 | NOTE | |
r-oldrel-macos-arm64 | 0.0.1 | NOTE | ||||
r-oldrel-macos-x86_64 | 0.0.1 | NOTE | ||||
r-oldrel-windows-ix86+x86_64 | 0.0.1 | 60.00 | 73.00 | 133.00 | NOTE |
Version: 0.0.1
Check: LazyData
Result: NOTE
'LazyData' is specified without a 'data' directory
Flavors: r-devel-linux-x86_64-debian-clang, r-devel-linux-x86_64-debian-gcc, r-devel-linux-x86_64-fedora-clang, r-devel-linux-x86_64-fedora-gcc, r-patched-linux-x86_64, r-release-linux-x86_64, r-release-macos-arm64, r-release-macos-x86_64, r-release-windows-x86_64, r-oldrel-macos-arm64, r-oldrel-macos-x86_64, r-oldrel-windows-ix86+x86_64