Last updated on 2022-04-24 03:52:35 CEST.
Flavor | Version | Tinstall | Tcheck | Ttotal | Status | Flags |
---|---|---|---|---|---|---|
r-devel-linux-x86_64-debian-clang | 0.3.0 | 14.23 | 190.61 | 204.84 | OK | |
r-devel-linux-x86_64-debian-gcc | 0.3.0 | 10.45 | 138.57 | 149.02 | OK | |
r-devel-linux-x86_64-fedora-clang | 0.3.0 | 258.32 | NOTE | |||
r-devel-linux-x86_64-fedora-gcc | 0.3.0 | 236.49 | NOTE | |||
r-patched-linux-x86_64 | 0.3.0 | 19.27 | 176.70 | 195.97 | OK | |
r-release-linux-x86_64 | 0.3.0 | 14.83 | 171.28 | 186.11 | OK | |
r-release-macos-arm64 | 0.3.0 | NOTE | ||||
r-release-macos-x86_64 | 0.3.0 | NOTE | ||||
r-release-windows-x86_64 | 0.3.0 | 60.00 | 214.00 | 274.00 | OK | |
r-oldrel-macos-arm64 | 0.3.0 | NOTE | ||||
r-oldrel-macos-x86_64 | 0.3.0 | NOTE | ||||
r-oldrel-windows-ix86+x86_64 | 0.3.0 | 27.00 | 198.00 | 225.00 | OK |
Version: 0.3.0
Check: dependencies in R code
Result: NOTE
Namespace in Imports field not imported from: ‘R6’
All declared Imports should be used.
Flavors: r-devel-linux-x86_64-fedora-clang, r-devel-linux-x86_64-fedora-gcc, r-release-macos-arm64, r-release-macos-x86_64, r-oldrel-macos-arm64, r-oldrel-macos-x86_64