Last updated on 2022-04-24 03:52:35 CEST.
Flavor | Version | Tinstall | Tcheck | Ttotal | Status | Flags |
---|---|---|---|---|---|---|
r-devel-linux-x86_64-debian-clang | 2.14.0 | 40.49 | 249.46 | 289.95 | OK | |
r-devel-linux-x86_64-debian-gcc | 2.14.0 | 32.95 | 178.69 | 211.64 | OK | |
r-devel-linux-x86_64-fedora-clang | 2.14.0 | 361.16 | OK | |||
r-devel-linux-x86_64-fedora-gcc | 2.14.0 | 342.49 | OK | |||
r-patched-linux-x86_64 | 2.14.0 | 42.75 | 236.97 | 279.72 | OK | |
r-release-linux-x86_64 | 2.14.0 | 36.39 | 235.60 | 271.99 | OK | |
r-release-macos-arm64 | 2.14.0 | NOTE | ||||
r-release-macos-x86_64 | 2.14.0 | OK | ||||
r-release-windows-x86_64 | 2.14.0 | 134.00 | 337.00 | 471.00 | OK | |
r-oldrel-macos-arm64 | 2.14.0 | NOTE | ||||
r-oldrel-macos-x86_64 | 2.14.0 | OK | ||||
r-oldrel-windows-ix86+x86_64 | 2.14.0 | 80.00 | 301.00 | 381.00 | OK |
Version: 2.14.0
Check: installed package size
Result: NOTE
installed size is 5.0Mb
sub-directories of 1Mb or more:
R 2.0Mb
data 1.5Mb
Flavors: r-release-macos-arm64, r-oldrel-macos-arm64