Last updated on 2022-04-24 03:52:35 CEST.
Flavor | Version | Tinstall | Tcheck | Ttotal | Status | Flags |
---|---|---|---|---|---|---|
r-devel-linux-x86_64-debian-clang | 0.0-3 | 2.39 | 35.13 | 37.52 | NOTE | |
r-devel-linux-x86_64-debian-gcc | 0.0-3 | 1.70 | 27.33 | 29.03 | NOTE | |
r-devel-linux-x86_64-fedora-clang | 0.0-3 | 46.78 | NOTE | |||
r-devel-linux-x86_64-fedora-gcc | 0.0-3 | 34.86 | NOTE | |||
r-patched-linux-x86_64 | 0.0-3 | 2.64 | 34.17 | 36.81 | NOTE | |
r-release-linux-x86_64 | 0.0-3 | 2.55 | 33.98 | 36.53 | NOTE | |
r-release-macos-arm64 | 0.0-3 | NOTE | ||||
r-release-macos-x86_64 | 0.0-3 | NOTE | ||||
r-release-windows-x86_64 | 0.0-3 | 57.00 | 51.00 | 108.00 | NOTE | |
r-oldrel-macos-arm64 | 0.0-3 | NOTE | ||||
r-oldrel-macos-x86_64 | 0.0-3 | NOTE | ||||
r-oldrel-windows-ix86+x86_64 | 0.0-3 | 6.00 | 43.00 | 49.00 | NOTE |
Version: 0.0-3
Check: LazyData
Result: NOTE
'LazyData' is specified without a 'data' directory
Flavors: r-devel-linux-x86_64-debian-clang, r-devel-linux-x86_64-debian-gcc, r-devel-linux-x86_64-fedora-clang, r-devel-linux-x86_64-fedora-gcc, r-patched-linux-x86_64, r-release-linux-x86_64, r-release-macos-arm64, r-release-macos-x86_64, r-release-windows-x86_64, r-oldrel-macos-arm64, r-oldrel-macos-x86_64, r-oldrel-windows-ix86+x86_64
Version: 0.0-3
Check: Rd cross-references
Result: NOTE
Undeclared package ‘rebus.unicode’ in Rd xrefs
Flavor: r-devel-linux-x86_64-fedora-clang