Last updated on 2022-04-24 03:52:35 CEST.
Flavor | Version | Tinstall | Tcheck | Ttotal | Status | Flags |
---|---|---|---|---|---|---|
r-devel-linux-x86_64-debian-clang | 0.0-1 | 1.60 | 32.52 | 34.12 | NOTE | |
r-devel-linux-x86_64-debian-gcc | 0.0-1 | 1.71 | 25.26 | 26.97 | NOTE | |
r-devel-linux-x86_64-fedora-clang | 0.0-1 | 42.64 | NOTE | |||
r-devel-linux-x86_64-fedora-gcc | 0.0-1 | 30.93 | NOTE | |||
r-patched-linux-x86_64 | 0.0-1 | 3.79 | 31.41 | 35.20 | NOTE | |
r-release-linux-x86_64 | 0.0-1 | 2.05 | 31.11 | 33.16 | NOTE | |
r-release-macos-arm64 | 0.0-1 | NOTE | ||||
r-release-macos-x86_64 | 0.0-1 | NOTE | ||||
r-release-windows-x86_64 | 0.0-1 | 13.00 | 47.00 | 60.00 | NOTE | |
r-oldrel-macos-arm64 | 0.0-1 | NOTE | ||||
r-oldrel-macos-x86_64 | 0.0-1 | NOTE | ||||
r-oldrel-windows-ix86+x86_64 | 0.0-1 | 4.00 | 39.00 | 43.00 | NOTE |
Version: 0.0-1
Check: LazyData
Result: NOTE
'LazyData' is specified without a 'data' directory
Flavors: r-devel-linux-x86_64-debian-clang, r-devel-linux-x86_64-debian-gcc, r-devel-linux-x86_64-fedora-clang, r-devel-linux-x86_64-fedora-gcc, r-patched-linux-x86_64, r-release-linux-x86_64, r-release-macos-arm64, r-release-macos-x86_64, r-release-windows-x86_64, r-oldrel-macos-arm64, r-oldrel-macos-x86_64, r-oldrel-windows-ix86+x86_64