Last updated on 2022-04-24 03:52:35 CEST.
Flavor | Version | Tinstall | Tcheck | Ttotal | Status | Flags |
---|---|---|---|---|---|---|
r-devel-linux-x86_64-debian-clang | 0.2.0 | 29.80 | 408.83 | 438.63 | OK | |
r-devel-linux-x86_64-debian-gcc | 0.2.0 | 21.93 | 297.50 | 319.43 | OK | |
r-devel-linux-x86_64-fedora-clang | 0.2.0 | 539.88 | NOTE | |||
r-devel-linux-x86_64-fedora-gcc | 0.2.0 | 521.16 | OK | |||
r-patched-linux-x86_64 | 0.2.0 | 35.86 | 375.99 | 411.85 | OK | |
r-release-linux-x86_64 | 0.2.0 | 22.25 | 384.56 | 406.81 | OK | |
r-release-macos-arm64 | 0.2.0 | OK | ||||
r-release-macos-x86_64 | 0.2.0 | OK | ||||
r-release-windows-x86_64 | 0.2.0 | 155.00 | 458.00 | 613.00 | OK | |
r-oldrel-macos-arm64 | 0.2.0 | OK | ||||
r-oldrel-macos-x86_64 | 0.2.0 | OK | ||||
r-oldrel-windows-ix86+x86_64 | 0.2.0 | 47.00 | 449.00 | 496.00 | OK |
Version: 0.2.0
Check: Rd cross-references
Result: NOTE
Undeclared packages ‘fastICA’, ‘dimRed’ in Rd xrefs
Flavor: r-devel-linux-x86_64-fedora-clang