Last updated on 2022-04-24 03:52:35 CEST.
Flavor | Version | Tinstall | Tcheck | Ttotal | Status | Flags |
---|---|---|---|---|---|---|
r-devel-linux-x86_64-debian-clang | 0.1.1 | 25.43 | 71.01 | 96.44 | OK | |
r-devel-linux-x86_64-debian-gcc | 0.1.1 | 18.64 | 52.21 | 70.85 | OK | |
r-devel-linux-x86_64-fedora-clang | 0.1.1 | 127.72 | NOTE | |||
r-devel-linux-x86_64-fedora-gcc | 0.1.1 | 103.13 | OK | |||
r-patched-linux-x86_64 | 0.1.1 | 26.63 | 64.39 | 91.02 | OK | |
r-release-linux-x86_64 | 0.1.1 | 22.85 | 64.78 | 87.63 | OK | |
r-release-macos-arm64 | 0.1.1 | OK | ||||
r-release-macos-x86_64 | 0.1.1 | WARN | --as-cran | |||
r-release-windows-x86_64 | 0.1.1 | 60.00 | 117.00 | 177.00 | OK | |
r-oldrel-macos-arm64 | 0.1.1 | OK | ||||
r-oldrel-macos-x86_64 | 0.1.1 | WARN | --as-cran | |||
r-oldrel-windows-ix86+x86_64 | 0.1.1 | 63.00 | 140.00 | 203.00 | OK |
Version: 0.1.1
Check: Rd cross-references
Result: NOTE
Undeclared package ‘snow’ in Rd xrefs
Flavor: r-devel-linux-x86_64-fedora-clang
Version: 0.1.1
Flags: --as-cran
Check: CRAN incoming feasibility
Result: WARN
Maintainer: ‘Jan van der Laan <r@eoos.dds.nl>’
Insufficient package version (submitted: 0.1.1, existing: 0.1.1)
Days since last update: 1
Flavors: r-release-macos-x86_64, r-oldrel-macos-x86_64
Version: 0.1.1
Flags: --as-cran
Check: top-level files
Result: NOTE
Files ‘README.md’ or ‘NEWS.md’ cannot be checked without ‘pandoc’ being installed.
Flavors: r-release-macos-x86_64, r-oldrel-macos-x86_64