Last updated on 2022-04-24 03:52:35 CEST.
Flavor | Version | Tinstall | Tcheck | Ttotal | Status | Flags |
---|---|---|---|---|---|---|
r-devel-linux-x86_64-debian-clang | 0.1 | 2.11 | 31.59 | 33.70 | OK | |
r-devel-linux-x86_64-debian-gcc | 0.1 | 1.71 | 24.75 | 26.46 | OK | |
r-devel-linux-x86_64-fedora-clang | 0.1 | 42.14 | NOTE | |||
r-devel-linux-x86_64-fedora-gcc | 0.1 | 29.77 | OK | |||
r-patched-linux-x86_64 | 0.1 | 2.06 | 30.58 | 32.64 | OK | |
r-release-linux-x86_64 | 0.1 | 2.07 | 30.10 | 32.17 | OK | |
r-release-macos-arm64 | 0.1 | OK | ||||
r-release-macos-x86_64 | 0.1 | OK | ||||
r-release-windows-x86_64 | 0.1 | 10.00 | 59.00 | 69.00 | OK | |
r-oldrel-macos-arm64 | 0.1 | OK | ||||
r-oldrel-macos-x86_64 | 0.1 | OK | ||||
r-oldrel-windows-ix86+x86_64 | 0.1 | 4.00 | 36.00 | 40.00 | OK |
Version: 0.1
Check: Rd cross-references
Result: NOTE
Undeclared package ‘car’ in Rd xrefs
Flavor: r-devel-linux-x86_64-fedora-clang