Last updated on 2022-04-24 03:52:35 CEST.
Flavor | Version | Tinstall | Tcheck | Ttotal | Status | Flags |
---|---|---|---|---|---|---|
r-devel-linux-x86_64-debian-clang | 0.1.1 | 3.37 | 44.60 | 47.97 | OK | |
r-devel-linux-x86_64-debian-gcc | 0.1.1 | 2.36 | 31.56 | 33.92 | OK | |
r-devel-linux-x86_64-fedora-clang | 0.1.1 | 52.77 | NOTE | |||
r-devel-linux-x86_64-fedora-gcc | 0.1.1 | 41.91 | OK | |||
r-patched-linux-x86_64 | 0.1.1 | 3.58 | 38.80 | 42.38 | OK | |
r-release-linux-x86_64 | 0.1.1 | 3.59 | 38.40 | 41.99 | OK | |
r-release-macos-arm64 | 0.1.1 | OK | ||||
r-release-macos-x86_64 | 0.1.1 | OK | ||||
r-release-windows-x86_64 | 0.1.1 | 39.00 | 56.00 | 95.00 | OK | |
r-oldrel-macos-arm64 | 0.1.1 | OK | ||||
r-oldrel-macos-x86_64 | 0.1.1 | OK | ||||
r-oldrel-windows-ix86+x86_64 | 0.1.1 | 8.00 | 53.00 | 61.00 | OK |
Version: 0.1.1
Check: package dependencies
Result: NOTE
Package suggested but not available for checking: ‘opencv’
Flavor: r-devel-linux-x86_64-fedora-clang