Last updated on 2022-04-24 03:52:35 CEST.
Flavor | Version | Tinstall | Tcheck | Ttotal | Status | Flags |
---|---|---|---|---|---|---|
r-devel-linux-x86_64-debian-clang | 0.1.0 | 4.57 | 191.74 | 196.31 | OK | |
r-devel-linux-x86_64-debian-gcc | 0.1.0 | 3.92 | 139.16 | 143.08 | OK | |
r-devel-linux-x86_64-fedora-clang | 0.1.0 | 252.77 | NOTE | |||
r-devel-linux-x86_64-fedora-gcc | 0.1.0 | 234.76 | OK | |||
r-patched-linux-x86_64 | 0.1.0 | 5.32 | 180.34 | 185.66 | OK | |
r-release-linux-x86_64 | 0.1.0 | 3.83 | 186.43 | 190.26 | OK | |
r-release-macos-arm64 | 0.1.0 | OK | ||||
r-release-macos-x86_64 | 0.1.0 | OK | ||||
r-release-windows-x86_64 | 0.1.0 | 59.00 | 205.00 | 264.00 | OK | |
r-oldrel-macos-arm64 | 0.1.0 | OK | ||||
r-oldrel-macos-x86_64 | 0.1.0 | OK | ||||
r-oldrel-windows-ix86+x86_64 | 0.1.0 | 10.00 | 211.00 | 221.00 | OK |
Version: 0.1.0
Check: Rd cross-references
Result: NOTE
Undeclared package ‘jpeg’ in Rd xrefs
Flavor: r-devel-linux-x86_64-fedora-clang