Last updated on 2022-04-24 03:52:35 CEST.
Flavor | Version | Tinstall | Tcheck | Ttotal | Status | Flags |
---|---|---|---|---|---|---|
r-devel-linux-x86_64-debian-clang | 0.1-1 | 10.34 | 78.47 | 88.81 | OK | |
r-devel-linux-x86_64-debian-gcc | 0.1-1 | 7.31 | 59.39 | 66.70 | OK | |
r-devel-linux-x86_64-fedora-clang | 0.1-1 | 103.73 | NOTE | |||
r-devel-linux-x86_64-fedora-gcc | 0.1-1 | 94.36 | OK | |||
r-patched-linux-x86_64 | 0.1-1 | 10.18 | 75.26 | 85.44 | OK | |
r-release-linux-x86_64 | 0.1-1 | 8.97 | 69.95 | 78.92 | OK | |
r-release-macos-arm64 | 0.1-1 | NOTE | ||||
r-release-macos-x86_64 | 0.1-1 | NOTE | ||||
r-release-windows-x86_64 | 0.1-1 | 11.00 | 91.00 | 102.00 | NOTE | |
r-oldrel-macos-arm64 | 0.1-1 | NOTE | ||||
r-oldrel-macos-x86_64 | 0.1-1 | NOTE | ||||
r-oldrel-windows-ix86+x86_64 | 0.1-1 | 22.00 | 87.00 | 109.00 | NOTE |
Version: 0.1-1
Check: installed package size
Result: NOTE
installed size is 8.9Mb
sub-directories of 1Mb or more:
data 8.8Mb
Flavors: r-devel-linux-x86_64-fedora-clang, r-release-macos-arm64, r-release-macos-x86_64, r-release-windows-x86_64, r-oldrel-macos-arm64, r-oldrel-macos-x86_64, r-oldrel-windows-ix86+x86_64