Last updated on 2022-04-24 03:52:35 CEST.
Flavor | Version | Tinstall | Tcheck | Ttotal | Status | Flags |
---|---|---|---|---|---|---|
r-devel-linux-x86_64-debian-clang | 0.5.3 | 63.62 | 117.20 | 180.82 | OK | |
r-devel-linux-x86_64-debian-gcc | 0.5.3 | 50.98 | 85.26 | 136.24 | OK | |
r-devel-linux-x86_64-fedora-clang | 0.5.3 | 239.24 | NOTE | |||
r-devel-linux-x86_64-fedora-gcc | 0.5.3 | 210.88 | OK | |||
r-patched-linux-x86_64 | 0.5.3 | 58.82 | 109.03 | 167.85 | OK | |
r-release-linux-x86_64 | 0.5.3 | 53.80 | 106.30 | 160.10 | OK | |
r-release-macos-arm64 | 0.5.3 | NOTE | ||||
r-release-macos-x86_64 | 0.5.3 | NOTE | ||||
r-release-windows-x86_64 | 0.5.3 | 76.00 | 164.00 | 240.00 | NOTE | |
r-oldrel-macos-arm64 | 0.5.3 | NOTE | ||||
r-oldrel-macos-x86_64 | 0.5.3 | NOTE | ||||
r-oldrel-windows-ix86+x86_64 | 0.5.3 | 157.00 | 174.00 | 331.00 | NOTE |
Version: 0.5.3
Check: installed package size
Result: NOTE
installed size is 6.6Mb
sub-directories of 1Mb or more:
doc 3.9Mb
libs 2.1Mb
Flavors: r-devel-linux-x86_64-fedora-clang, r-release-macos-arm64, r-release-macos-x86_64, r-release-windows-x86_64, r-oldrel-macos-arm64, r-oldrel-macos-x86_64, r-oldrel-windows-ix86+x86_64