Last updated on 2022-04-24 03:52:35 CEST.
Flavor | Version | Tinstall | Tcheck | Ttotal | Status | Flags |
---|---|---|---|---|---|---|
r-devel-linux-x86_64-debian-clang | 2.3 | 4.54 | 46.92 | 51.46 | OK | |
r-devel-linux-x86_64-debian-gcc | 2.3 | 4.09 | 35.43 | 39.52 | OK | |
r-devel-linux-x86_64-fedora-clang | 2.3 | 67.79 | NOTE | |||
r-devel-linux-x86_64-fedora-gcc | 2.3 | 52.26 | NOTE | |||
r-patched-linux-x86_64 | 2.3 | 4.24 | 44.38 | 48.62 | OK | |
r-release-linux-x86_64 | 2.3 | 4.08 | 43.09 | 47.17 | OK | |
r-release-macos-arm64 | 2.3 | NOTE | ||||
r-release-macos-x86_64 | 2.3 | NOTE | ||||
r-release-windows-x86_64 | 2.3 | 51.00 | 64.00 | 115.00 | OK | |
r-oldrel-macos-arm64 | 2.3 | NOTE | ||||
r-oldrel-macos-x86_64 | 2.3 | NOTE | ||||
r-oldrel-windows-ix86+x86_64 | 2.3 | 10.00 | 49.00 | 59.00 | OK |
Version: 2.3
Check: dependencies in R code
Result: NOTE
Namespaces in Imports field not imported from:
‘DBI’ ‘readr’
All declared Imports should be used.
Flavors: r-devel-linux-x86_64-fedora-clang, r-devel-linux-x86_64-fedora-gcc, r-release-macos-arm64, r-release-macos-x86_64, r-oldrel-macos-arm64, r-oldrel-macos-x86_64