Last updated on 2022-04-24 03:52:35 CEST.
Flavor | Version | Tinstall | Tcheck | Ttotal | Status | Flags |
---|---|---|---|---|---|---|
r-devel-linux-x86_64-debian-clang | 0.4.0 | 9.90 | 93.91 | 103.81 | NOTE | |
r-devel-linux-x86_64-debian-gcc | 0.4.0 | 6.89 | 69.01 | 75.90 | NOTE | |
r-devel-linux-x86_64-fedora-clang | 0.4.0 | 121.88 | NOTE | |||
r-devel-linux-x86_64-fedora-gcc | 0.4.0 | 105.33 | NOTE | |||
r-patched-linux-x86_64 | 0.4.0 | 5.99 | 87.44 | 93.43 | NOTE | |
r-release-linux-x86_64 | 0.4.0 | 8.75 | 81.82 | 90.57 | NOTE | |
r-release-macos-arm64 | 0.4.0 | OK | ||||
r-release-macos-x86_64 | 0.4.0 | OK | ||||
r-release-windows-x86_64 | 0.4.0 | 15.00 | 123.00 | 138.00 | OK | |
r-oldrel-macos-arm64 | 0.4.0 | OK | ||||
r-oldrel-macos-x86_64 | 0.4.0 | OK | ||||
r-oldrel-windows-ix86+x86_64 | 0.4.0 | 20.00 | 120.00 | 140.00 | OK |
Version: 0.4.0
Check: for non-standard things in the check directory
Result: NOTE
Found the following files/directories:
'Filled.RData' 'cleaned.RData' 'days' 'gridded'
Flavors: r-devel-linux-x86_64-debian-clang, r-devel-linux-x86_64-debian-gcc, r-devel-linux-x86_64-fedora-clang, r-devel-linux-x86_64-fedora-gcc, r-patched-linux-x86_64, r-release-linux-x86_64