Last updated on 2022-04-24 03:52:35 CEST.
Flavor | Version | Tinstall | Tcheck | Ttotal | Status | Flags |
---|---|---|---|---|---|---|
r-devel-linux-x86_64-debian-clang | 3.1.5 | 485.90 | 409.12 | 895.02 | WARN | |
r-devel-linux-x86_64-debian-gcc | 3.1.5 | 395.34 | 291.17 | 686.51 | OK | |
r-devel-linux-x86_64-fedora-clang | 3.1.5 | 1349.38 | WARN | |||
r-devel-linux-x86_64-fedora-gcc | 3.1.5 | 1166.30 | OK | |||
r-patched-linux-x86_64 | 3.1.5 | 350.66 | 376.07 | 726.73 | OK | |
r-release-linux-x86_64 | 3.1.5 | 357.09 | 379.29 | 736.38 | OK | |
r-release-macos-arm64 | 3.1.5 | NOTE | ||||
r-release-macos-x86_64 | 3.1.5 | NOTE | ||||
r-release-windows-x86_64 | 3.1.5 | 407.00 | 474.00 | 881.00 | NOTE | |
r-oldrel-macos-arm64 | 3.1.5 | NOTE | ||||
r-oldrel-macos-x86_64 | 3.1.5 | NOTE | ||||
r-oldrel-windows-ix86+x86_64 | 3.1.5 | 1126.00 | 620.00 | 1746.00 | NOTE |
Version: 3.1.5
Check: whether package can be installed
Result: WARN
Found the following significant warnings:
crsg.cpp:222:20: warning: use of bitwise '&' with boolean operands [-Wbitwise-instead-of-logical]
crsg.cpp:239:24: warning: use of bitwise '&' with boolean operands [-Wbitwise-instead-of-logical]
crsg.cpp:257:24: warning: use of bitwise '&' with boolean operands [-Wbitwise-instead-of-logical]
rsg.cpp:115:9: warning: use of bitwise '|' with boolean operands [-Wbitwise-instead-of-logical]
Flavors: r-devel-linux-x86_64-debian-clang, r-devel-linux-x86_64-fedora-clang
Version: 3.1.5
Check: installed package size
Result: NOTE
installed size is 14.8Mb
sub-directories of 1Mb or more:
libs 11.1Mb
Flavors: r-devel-linux-x86_64-fedora-clang, r-release-macos-arm64, r-release-macos-x86_64, r-release-windows-x86_64, r-oldrel-macos-arm64, r-oldrel-macos-x86_64, r-oldrel-windows-ix86+x86_64
Version: 3.1.5
Check: package dependencies
Result: NOTE
Package suggested but not available for checking: ‘Rmpi’
Flavors: r-release-macos-arm64, r-release-macos-x86_64, r-oldrel-macos-arm64, r-oldrel-macos-x86_64