Last updated on 2022-04-24 03:52:35 CEST.
Flavor | Version | Tinstall | Tcheck | Ttotal | Status | Flags |
---|---|---|---|---|---|---|
r-devel-linux-x86_64-debian-clang | 1.0.17-16 | 12.52 | 79.39 | 91.91 | OK | |
r-devel-linux-x86_64-debian-gcc | 1.0.17-16 | 11.76 | 60.59 | 72.35 | OK | |
r-devel-linux-x86_64-fedora-clang | 1.0.17-16 | 115.89 | OK | |||
r-devel-linux-x86_64-fedora-gcc | 1.0.17-16 | 102.54 | OK | |||
r-patched-linux-x86_64 | 1.0.17-16 | 18.76 | 75.45 | 94.21 | OK | |
r-release-linux-x86_64 | 1.0.17-16 | 12.85 | 74.39 | 87.24 | OK | |
r-release-macos-arm64 | 1.0.17-16 | NOTE | ||||
r-release-macos-x86_64 | 1.0.17-16 | OK | ||||
r-release-windows-x86_64 | 1.0.17-16 | 166.00 | 132.00 | 298.00 | OK | |
r-oldrel-macos-arm64 | 1.0.17-16 | NOTE | ||||
r-oldrel-macos-x86_64 | 1.0.17-16 | OK | ||||
r-oldrel-windows-ix86+x86_64 | 1.0.17-16 | 116.00 | 123.00 | 239.00 | NOTE |
Version: 1.0.17-16
Check: installed package size
Result: NOTE
installed size is 7.7Mb
sub-directories of 1Mb or more:
libs 6.7Mb
Flavors: r-release-macos-arm64, r-oldrel-macos-arm64, r-oldrel-windows-ix86+x86_64