Last updated on 2022-04-24 03:52:35 CEST.
| Flavor | Version | Tinstall | Tcheck | Ttotal | Status | Flags | 
|---|---|---|---|---|---|---|
| r-devel-linux-x86_64-debian-clang | 1.0.3 | 25.09 | 550.17 | 575.26 | NOTE | |
| r-devel-linux-x86_64-debian-gcc | 1.0.3 | 20.77 | 405.93 | 426.70 | NOTE | |
| r-devel-linux-x86_64-fedora-clang | 1.0.3 | 492.09 | NOTE | |||
| r-devel-linux-x86_64-fedora-gcc | 1.0.3 | 630.01 | NOTE | |||
| r-patched-linux-x86_64 | 1.0.3 | 23.88 | 498.12 | 522.00 | NOTE | |
| r-release-linux-x86_64 | 1.0.3 | 24.75 | 351.59 | 376.34 | NOTE | |
| r-release-macos-arm64 | 1.0.3 | NOTE | ||||
| r-release-macos-x86_64 | 1.0.3 | NOTE | ||||
| r-release-windows-x86_64 | 1.0.3 | 39.00 | 568.00 | 607.00 | NOTE | |
| r-oldrel-macos-arm64 | 1.0.3 | NOTE | ||||
| r-oldrel-macos-x86_64 | 1.0.3 | NOTE | ||||
| r-oldrel-windows-ix86+x86_64 | 1.0.3 | 55.00 | 579.00 | 634.00 | NOTE | 
Version: 1.0.3
Check: LazyData
Result: NOTE
      'LazyData' is specified without a 'data' directory
Flavors: r-devel-linux-x86_64-debian-clang, r-devel-linux-x86_64-debian-gcc, r-devel-linux-x86_64-fedora-clang, r-devel-linux-x86_64-fedora-gcc, r-patched-linux-x86_64, r-release-linux-x86_64, r-release-macos-arm64, r-release-macos-x86_64, r-release-windows-x86_64, r-oldrel-macos-arm64, r-oldrel-macos-x86_64, r-oldrel-windows-ix86+x86_64