Last updated on 2022-04-24 03:52:35 CEST.
Flavor | Version | Tinstall | Tcheck | Ttotal | Status | Flags |
---|---|---|---|---|---|---|
r-devel-linux-x86_64-debian-clang | 0.3.1 | 50.59 | 46.45 | 97.04 | NOTE | |
r-devel-linux-x86_64-debian-gcc | 0.3.1 | 39.81 | 34.58 | 74.39 | NOTE | |
r-devel-linux-x86_64-fedora-clang | 0.3.1 | 135.10 | NOTE | |||
r-devel-linux-x86_64-fedora-gcc | 0.3.1 | 109.26 | NOTE | |||
r-patched-linux-x86_64 | 0.3.1 | 40.70 | 42.80 | 83.50 | NOTE | |
r-release-linux-x86_64 | 0.3.1 | 43.40 | 40.69 | 84.09 | NOTE | |
r-release-macos-arm64 | 0.3.1 | NOTE | ||||
r-release-macos-x86_64 | 0.3.1 | NOTE | ||||
r-release-windows-x86_64 | 0.3.1 | 44.00 | 88.00 | 132.00 | NOTE | |
r-oldrel-macos-arm64 | 0.3.1 | NOTE | ||||
r-oldrel-macos-x86_64 | 0.3.1 | NOTE | ||||
r-oldrel-windows-ix86+x86_64 | 0.3.1 | 114.00 | 80.00 | 194.00 | NOTE |
Version: 0.3.1
Check: LazyData
Result: NOTE
'LazyData' is specified without a 'data' directory
Flavors: r-devel-linux-x86_64-debian-clang, r-devel-linux-x86_64-debian-gcc, r-devel-linux-x86_64-fedora-clang, r-devel-linux-x86_64-fedora-gcc, r-patched-linux-x86_64, r-release-linux-x86_64, r-release-macos-arm64, r-release-macos-x86_64, r-release-windows-x86_64, r-oldrel-macos-arm64, r-oldrel-macos-x86_64, r-oldrel-windows-ix86+x86_64