Last updated on 2022-04-24 03:52:35 CEST.
Flavor | Version | Tinstall | Tcheck | Ttotal | Status | Flags |
---|---|---|---|---|---|---|
r-devel-linux-x86_64-debian-clang | 1.2.2 | 14.19 | 122.37 | 136.56 | OK | |
r-devel-linux-x86_64-debian-gcc | 1.2.2 | 11.36 | 91.63 | 102.99 | OK | |
r-devel-linux-x86_64-fedora-clang | 1.2.2 | 165.78 | NOTE | |||
r-devel-linux-x86_64-fedora-gcc | 1.2.2 | 161.29 | NOTE | |||
r-patched-linux-x86_64 | 1.2.2 | 10.40 | 115.95 | 126.35 | OK | |
r-release-linux-x86_64 | 1.2.2 | 14.08 | 111.53 | 125.61 | OK | |
r-release-macos-arm64 | 1.2.2 | NOTE | ||||
r-release-macos-x86_64 | 1.2.2 | NOTE | ||||
r-release-windows-x86_64 | 1.2.2 | 25.00 | 148.00 | 173.00 | OK | |
r-oldrel-macos-arm64 | 1.2.2 | NOTE | ||||
r-oldrel-macos-x86_64 | 1.2.2 | NOTE | ||||
r-oldrel-windows-ix86+x86_64 | 1.2.2 | 25.00 | 133.00 | 158.00 | OK |
Version: 1.2.2
Check: dependencies in R code
Result: NOTE
Namespaces in Imports field not imported from:
‘SemiPar’ ‘caret’ ‘dplyr’ ‘scales’
All declared Imports should be used.
Flavors: r-devel-linux-x86_64-fedora-clang, r-devel-linux-x86_64-fedora-gcc, r-release-macos-arm64, r-release-macos-x86_64, r-oldrel-macos-arm64, r-oldrel-macos-x86_64