Last updated on 2022-04-24 03:52:35 CEST.
Flavor | Version | Tinstall | Tcheck | Ttotal | Status | Flags |
---|---|---|---|---|---|---|
r-devel-linux-x86_64-debian-clang | 0.1.1 | 18.63 | 173.09 | 191.72 | OK | |
r-devel-linux-x86_64-debian-gcc | 0.1.1 | 13.42 | 128.40 | 141.82 | OK | |
r-devel-linux-x86_64-fedora-clang | 0.1.1 | 142.51 | OK | |||
r-devel-linux-x86_64-fedora-gcc | 0.1.1 | 209.98 | OK | |||
r-patched-linux-x86_64 | 0.1.1 | 16.91 | 164.20 | 181.11 | OK | |
r-release-linux-x86_64 | 0.1.1 | 13.44 | 150.11 | 163.55 | OK | |
r-release-macos-arm64 | 0.1.1 | ERROR | ||||
r-release-macos-x86_64 | 0.1.1 | OK | ||||
r-release-windows-x86_64 | 0.1.1 | 31.00 | 189.00 | 220.00 | OK | |
r-oldrel-macos-arm64 | 0.1.1 | ERROR | ||||
r-oldrel-macos-x86_64 | 0.1.1 | OK | ||||
r-oldrel-windows-ix86+x86_64 | 0.1.1 | 32.00 | 153.00 | 185.00 | OK |
Version: 0.1.1
Check: whether package can be installed
Result: ERROR
Installation failed.
Flavors: r-release-macos-arm64, r-oldrel-macos-arm64