Last updated on 2022-04-24 03:52:35 CEST.
Flavor | Version | Tinstall | Tcheck | Ttotal | Status | Flags |
---|---|---|---|---|---|---|
r-devel-linux-x86_64-debian-clang | 0.4.1 | 18.48 | 172.04 | 190.52 | OK | |
r-devel-linux-x86_64-debian-gcc | 0.4.1 | 15.64 | 126.65 | 142.29 | OK | |
r-devel-linux-x86_64-fedora-clang | 0.4.1 | 237.86 | NOTE | |||
r-devel-linux-x86_64-fedora-gcc | 0.4.1 | 209.43 | NOTE | |||
r-patched-linux-x86_64 | 0.4.1 | 26.45 | 159.07 | 185.52 | OK | |
r-release-linux-x86_64 | 0.4.1 | 17.49 | 152.56 | 170.05 | OK | |
r-release-macos-arm64 | 0.4.1 | NOTE | ||||
r-release-macos-x86_64 | 0.4.1 | NOTE | ||||
r-release-windows-x86_64 | 0.4.1 | 43.00 | 172.00 | 215.00 | OK | |
r-oldrel-macos-arm64 | 0.4.1 | NOTE | ||||
r-oldrel-macos-x86_64 | 0.4.1 | NOTE | ||||
r-oldrel-windows-ix86+x86_64 | 0.4.1 | 41.00 | 162.00 | 203.00 | OK |
Version: 0.4.1
Check: dependencies in R code
Result: NOTE
Namespace in Imports field not imported from: ‘registr’
All declared Imports should be used.
Flavors: r-devel-linux-x86_64-fedora-clang, r-devel-linux-x86_64-fedora-gcc, r-release-macos-arm64, r-release-macos-x86_64, r-oldrel-macos-arm64, r-oldrel-macos-x86_64