Last updated on 2022-04-24 03:52:36 CEST.
Flavor | Version | Tinstall | Tcheck | Ttotal | Status | Flags |
---|---|---|---|---|---|---|
r-devel-linux-x86_64-debian-clang | 0.5 | 3.58 | 69.76 | 73.34 | OK | |
r-devel-linux-x86_64-debian-gcc | 0.5 | 2.84 | 52.22 | 55.06 | OK | |
r-devel-linux-x86_64-fedora-clang | 0.5 | 85.09 | OK | |||
r-devel-linux-x86_64-fedora-gcc | 0.5 | 74.28 | OK | |||
r-patched-linux-x86_64 | 0.5 | 3.74 | 64.93 | 68.67 | OK | |
r-release-linux-x86_64 | 0.5 | 3.48 | 63.53 | 67.01 | OK | |
r-release-macos-arm64 | 0.5 | ERROR | ||||
r-release-macos-x86_64 | 0.5 | ERROR | ||||
r-release-windows-x86_64 | 0.5 | 15.00 | 79.00 | 94.00 | OK | |
r-oldrel-macos-arm64 | 0.5 | ERROR | ||||
r-oldrel-macos-x86_64 | 0.5 | ERROR | ||||
r-oldrel-windows-ix86+x86_64 | 0.5 | 5.00 | 68.00 | 73.00 | OK |
Version: 0.5
Check: package dependencies
Result: ERROR
Package required but not available: ‘Rmpi’
See section ‘The DESCRIPTION file’ in the ‘Writing R Extensions’
manual.
Flavors: r-release-macos-arm64, r-release-macos-x86_64, r-oldrel-macos-arm64, r-oldrel-macos-x86_64