Last updated on 2022-04-24 03:52:35 CEST.
Flavor | Version | Tinstall | Tcheck | Ttotal | Status | Flags |
---|---|---|---|---|---|---|
r-devel-linux-x86_64-debian-clang | 0.0.1 | 1.96 | 29.43 | 31.39 | NOTE | |
r-devel-linux-x86_64-debian-gcc | 0.0.1 | 1.30 | 22.77 | 24.07 | NOTE | |
r-devel-linux-x86_64-fedora-clang | 0.0.1 | 38.79 | NOTE | |||
r-devel-linux-x86_64-fedora-gcc | 0.0.1 | 27.03 | NOTE | |||
r-patched-linux-x86_64 | 0.0.1 | 1.70 | 28.36 | 30.06 | NOTE | |
r-release-linux-x86_64 | 0.0.1 | 1.47 | 27.51 | 28.98 | NOTE | |
r-release-macos-arm64 | 0.0.1 | NOTE | ||||
r-release-macos-x86_64 | 0.0.1 | NOTE | ||||
r-release-windows-x86_64 | 0.0.1 | 12.00 | 45.00 | 57.00 | NOTE | |
r-oldrel-macos-arm64 | 0.0.1 | NOTE | ||||
r-oldrel-macos-x86_64 | 0.0.1 | NOTE | ||||
r-oldrel-windows-ix86+x86_64 | 0.0.1 | 4.00 | 37.00 | 41.00 | NOTE |
Version: 0.0.1
Check: LazyData
Result: NOTE
'LazyData' is specified without a 'data' directory
Flavors: r-devel-linux-x86_64-debian-clang, r-devel-linux-x86_64-debian-gcc, r-devel-linux-x86_64-fedora-clang, r-devel-linux-x86_64-fedora-gcc, r-patched-linux-x86_64, r-release-linux-x86_64, r-release-macos-arm64, r-release-macos-x86_64, r-release-windows-x86_64, r-oldrel-macos-arm64, r-oldrel-macos-x86_64, r-oldrel-windows-ix86+x86_64