Last updated on 2022-04-24 03:52:35 CEST.
Flavor | Version | Tinstall | Tcheck | Ttotal | Status | Flags |
---|---|---|---|---|---|---|
r-devel-linux-x86_64-debian-clang | 0.1.1 | 6.63 | 79.10 | 85.73 | OK | |
r-devel-linux-x86_64-debian-gcc | 0.1.1 | 5.28 | 51.51 | 56.79 | OK | |
r-devel-linux-x86_64-fedora-clang | 0.1.1 | 91.42 | NOTE | |||
r-devel-linux-x86_64-fedora-gcc | 0.1.1 | 76.28 | NOTE | |||
r-patched-linux-x86_64 | 0.1.1 | 5.98 | 64.21 | 70.19 | OK | |
r-release-linux-x86_64 | 0.1.1 | 4.30 | 62.21 | 66.51 | OK | |
r-release-macos-arm64 | 0.1.1 | NOTE | ||||
r-release-macos-x86_64 | 0.1.1 | NOTE | ||||
r-release-windows-x86_64 | 0.1.1 | 13.00 | 84.00 | 97.00 | OK | |
r-oldrel-macos-arm64 | 0.1.1 | NOTE | ||||
r-oldrel-macos-x86_64 | 0.1.1 | NOTE | ||||
r-oldrel-windows-ix86+x86_64 | 0.1.1 | 15.00 | 86.00 | 101.00 | OK |
Version: 0.1.1
Check: dependencies in R code
Result: NOTE
Namespaces in Imports field not imported from:
‘knitr’ ‘textshaping’
All declared Imports should be used.
Flavors: r-devel-linux-x86_64-fedora-clang, r-devel-linux-x86_64-fedora-gcc, r-release-macos-arm64, r-release-macos-x86_64, r-oldrel-macos-arm64, r-oldrel-macos-x86_64
Version: 0.1.1
Check: data for non-ASCII characters
Result: NOTE
Note: found 20 marked UTF-8 strings
Flavors: r-devel-linux-x86_64-fedora-clang, r-devel-linux-x86_64-fedora-gcc, r-release-macos-arm64, r-release-macos-x86_64, r-oldrel-macos-arm64, r-oldrel-macos-x86_64