Last updated on 2022-04-24 03:52:35 CEST.
Flavor | Version | Tinstall | Tcheck | Ttotal | Status | Flags |
---|---|---|---|---|---|---|
r-devel-linux-x86_64-debian-clang | 0.1.8 | 9.86 | 103.56 | 113.42 | OK | |
r-devel-linux-x86_64-debian-gcc | 0.1.8 | 8.10 | 79.57 | 87.67 | OK | |
r-devel-linux-x86_64-fedora-clang | 0.1.8 | 139.49 | NOTE | |||
r-devel-linux-x86_64-fedora-gcc | 0.1.8 | 124.40 | NOTE | |||
r-patched-linux-x86_64 | 0.1.8 | 10.19 | 99.79 | 109.98 | OK | |
r-release-linux-x86_64 | 0.1.8 | 8.88 | 102.17 | 111.05 | OK | |
r-release-macos-arm64 | 0.1.8 | NOTE | ||||
r-release-macos-x86_64 | 0.1.8 | NOTE | ||||
r-release-windows-x86_64 | 0.1.8 | 33.00 | 146.00 | 179.00 | OK | |
r-oldrel-macos-arm64 | 0.1.8 | NOTE | ||||
r-oldrel-macos-x86_64 | 0.1.8 | NOTE | ||||
r-oldrel-windows-ix86+x86_64 | 0.1.8 | 22.00 | 120.00 | 142.00 | OK |
Version: 0.1.8
Check: data for non-ASCII characters
Result: NOTE
Note: found 2 marked Latin-1 strings
Note: found 50022 marked UTF-8 strings
Flavors: r-devel-linux-x86_64-fedora-clang, r-devel-linux-x86_64-fedora-gcc, r-release-macos-arm64, r-release-macos-x86_64, r-oldrel-macos-arm64, r-oldrel-macos-x86_64