Last updated on 2022-04-24 03:52:35 CEST.
Flavor | Version | Tinstall | Tcheck | Ttotal | Status | Flags |
---|---|---|---|---|---|---|
r-devel-linux-x86_64-debian-clang | 1.0.0 | 59.64 | 209.50 | 269.14 | OK | |
r-devel-linux-x86_64-debian-gcc | 1.0.0 | 48.45 | 148.32 | 196.77 | OK | |
r-devel-linux-x86_64-fedora-clang | 1.0.0 | 334.18 | NOTE | |||
r-devel-linux-x86_64-fedora-gcc | 1.0.0 | 305.49 | NOTE | |||
r-patched-linux-x86_64 | 1.0.0 | 39.55 | 195.14 | 234.69 | OK | |
r-release-linux-x86_64 | 1.0.0 | 48.88 | 192.06 | 240.94 | OK | |
r-release-macos-arm64 | 1.0.0 | NOTE | ||||
r-release-macos-x86_64 | 1.0.0 | NOTE | ||||
r-release-windows-x86_64 | 1.0.0 | 63.00 | 230.00 | 293.00 | OK | |
r-oldrel-macos-arm64 | 1.0.0 | NOTE | ||||
r-oldrel-macos-x86_64 | 1.0.0 | NOTE | ||||
r-oldrel-windows-ix86+x86_64 | 1.0.0 | 151.00 | 330.00 | 481.00 | OK |
Version: 1.0.0
Check: dependencies in R code
Result: NOTE
Namespaces in Imports field not imported from:
‘ggplot2’ ‘gridExtra’
All declared Imports should be used.
Flavors: r-devel-linux-x86_64-fedora-clang, r-devel-linux-x86_64-fedora-gcc, r-release-macos-arm64, r-release-macos-x86_64, r-oldrel-macos-arm64, r-oldrel-macos-x86_64