Last updated on 2022-04-24 03:52:35 CEST.
Flavor | Version | Tinstall | Tcheck | Ttotal | Status | Flags |
---|---|---|---|---|---|---|
r-devel-linux-x86_64-debian-clang | 1.2-6 | 11.60 | 88.97 | 100.57 | OK | |
r-devel-linux-x86_64-debian-gcc | 1.2-6 | 8.32 | 66.36 | 74.68 | OK | |
r-devel-linux-x86_64-fedora-clang | 1.2-6 | 108.96 | NOTE | |||
r-devel-linux-x86_64-fedora-gcc | 1.2-6 | 61.19 | OK | |||
r-patched-linux-x86_64 | 1.2-6 | 11.00 | 84.27 | 95.27 | OK | |
r-release-linux-x86_64 | 1.2-6 | 8.55 | 80.90 | 89.45 | OK | |
r-release-macos-arm64 | 1.2-6 | OK | ||||
r-release-macos-x86_64 | 1.2-6 | OK | ||||
r-release-windows-x86_64 | 1.2-6 | 19.00 | 98.00 | 117.00 | OK | |
r-oldrel-macos-arm64 | 1.2-6 | OK | ||||
r-oldrel-macos-x86_64 | 1.2-6 | OK | ||||
r-oldrel-windows-ix86+x86_64 | 1.2-6 | 25.00 | 109.00 | 134.00 | OK |
Version: 1.2-6
Check: Rd cross-references
Result: NOTE
Undeclared package ‘monomvn’ in Rd xrefs
Flavor: r-devel-linux-x86_64-fedora-clang