Last updated on 2022-04-24 03:52:36 CEST.
Flavor | Version | Tinstall | Tcheck | Ttotal | Status | Flags |
---|---|---|---|---|---|---|
r-devel-linux-x86_64-debian-clang | 1.3.5 | 42.93 | 39.14 | 82.07 | WARN | |
r-devel-linux-x86_64-debian-gcc | 1.3.5 | 34.24 | 30.05 | 64.29 | OK | |
r-devel-linux-x86_64-fedora-clang | 1.3.5 | 117.36 | WARN | |||
r-devel-linux-x86_64-fedora-gcc | 1.3.5 | 95.80 | OK | |||
r-patched-linux-x86_64 | 1.3.5 | 36.77 | 37.69 | 74.46 | OK | |
r-release-linux-x86_64 | 1.3.5 | 37.98 | 36.90 | 74.88 | OK | |
r-release-macos-arm64 | 1.3.5 | NOTE | ||||
r-release-macos-x86_64 | 1.3.5 | NOTE | ||||
r-release-windows-x86_64 | 1.3.5 | 1212.00 | 97.00 | 1309.00 | NOTE | |
r-oldrel-macos-arm64 | 1.3.5 | NOTE | ||||
r-oldrel-macos-x86_64 | 1.3.5 | NOTE | ||||
r-oldrel-windows-ix86+x86_64 | 1.3.5 | 93.00 | 77.00 | 170.00 | NOTE |
Version: 1.3.5
Check: whether package can be installed
Result: WARN
Found the following significant warnings:
rego.cpp:1689:15: warning: use of bitwise '&' with boolean operands [-Wbitwise-instead-of-logical]
rego.cpp:1896:10: warning: use of bitwise '|' with boolean operands [-Wbitwise-instead-of-logical]
rego.cpp:1896:38: warning: use of bitwise '&' with boolean operands [-Wbitwise-instead-of-logical]
rego.cpp:1985:6: warning: use of bitwise '|' with boolean operands [-Wbitwise-instead-of-logical]
rego.cpp:1995:6: warning: use of bitwise '|' with boolean operands [-Wbitwise-instead-of-logical]
rego.cpp:2029:6: warning: use of bitwise '|' with boolean operands [-Wbitwise-instead-of-logical]
rego.cpp:2074:9: warning: use of bitwise '&' with boolean operands [-Wbitwise-instead-of-logical]
Flavors: r-devel-linux-x86_64-debian-clang, r-devel-linux-x86_64-fedora-clang
Version: 1.3.5
Check: installed package size
Result: NOTE
installed size is 9.9Mb
sub-directories of 1Mb or more:
include 6.4Mb
libs 3.4Mb
Flavors: r-devel-linux-x86_64-fedora-clang, r-release-macos-arm64, r-release-macos-x86_64, r-release-windows-x86_64, r-oldrel-macos-arm64, r-oldrel-macos-x86_64, r-oldrel-windows-ix86+x86_64