Last updated on 2022-04-24 03:52:36 CEST.
Flavor | Version | Tinstall | Tcheck | Ttotal | Status | Flags |
---|---|---|---|---|---|---|
r-devel-linux-x86_64-debian-clang | 0.2.0 | 7.23 | 73.25 | 80.48 | OK | |
r-devel-linux-x86_64-debian-gcc | 0.2.0 | 5.79 | 53.98 | 59.77 | OK | |
r-devel-linux-x86_64-fedora-clang | 0.2.0 | 103.43 | NOTE | |||
r-devel-linux-x86_64-fedora-gcc | 0.2.0 | 88.33 | NOTE | |||
r-patched-linux-x86_64 | 0.2.0 | 5.66 | 68.69 | 74.35 | OK | |
r-release-linux-x86_64 | 0.2.0 | 5.88 | 63.81 | 69.69 | OK | |
r-release-macos-arm64 | 0.2.0 | NOTE | ||||
r-release-macos-x86_64 | 0.2.0 | NOTE | ||||
r-release-windows-x86_64 | 0.2.0 | 15.00 | 86.00 | 101.00 | OK | |
r-oldrel-macos-arm64 | 0.2.0 | NOTE | ||||
r-oldrel-macos-x86_64 | 0.2.0 | NOTE | ||||
r-oldrel-windows-ix86+x86_64 | 0.2.0 | 15.00 | 73.00 | 88.00 | OK |
Version: 0.2.0
Check: dependencies in R code
Result: NOTE
Namespaces in Imports field not imported from:
‘R6’ ‘broom.helpers’ ‘parameters’ ‘stats’ ‘survival’
All declared Imports should be used.
Flavors: r-devel-linux-x86_64-fedora-clang, r-devel-linux-x86_64-fedora-gcc, r-release-macos-arm64, r-release-macos-x86_64, r-oldrel-macos-arm64, r-oldrel-macos-x86_64